828800 a multiple of 92?
False
Is 4126491926 a multiple of 4640?
False
Is 14 a factor of 646641002?
True
Is 1802260096 a multiple of 728?
True
Is 762395656 a multiple of 44?
True
Is 9 a factor of 1912465773?
True
Does 16 divide 444556416?
True
Is 15 a factor of 240038231?
False
Does 12 divide 1163643168?
True
Is 42402853 a multiple of 439?
False
Does 6 divide 7669950?
True
Does 1266 divide 37985064?
True
Does 31 divide 109672098?
False
Is 101 a factor of 66737134?
False
Is 42827196 a multiple of 23?
True
Does 2048 divide 1353390884?
False
Is 347532768 a multiple of 99?
True
Does 3614 divide 764929397?
False
Does 17 divide 846047891?
True
Is 714 a factor of 12139847?
False
Is 131214720 a multiple of 260?
True
Is 4 a factor of 464625457?
False
Is 46332720 a multiple of 3045?
True
Is 7 a factor of 180130037?
False
Does 4 divide 3961826?
False
Is 2084711516 a multiple of 73?
True
Is 2083509288 a multiple of 8?
True
Does 1303 divide 169205904?
False
Does 34 divide 69923763?
False
Does 8864 divide 317916224?
True
Is 27 a factor of 219478173?
False
Does 93 divide 79012335?
True
Is 1133 a factor of 1329293305?
False
Is 1824231053 a multiple of 889?
False
Is 754 a factor of 560561300?
True
Is 7491960 a multiple of 420?
True
Is 397877938 a multiple of 68?
False
Is 3111636 a multiple of 12?
True
Is 20 a factor of 530764460?
True
Does 8633 divide 1052742552?
True
Does 66 divide 92534447?
False
Is 189885659 a multiple of 129?
False
Is 17987746 a multiple of 6?
False
Is 11513019 a multiple of 13?
False
Is 362919710 a multiple of 4670?
True
Is 43 a factor of 1635454131?
True
Is 54 a factor of 20488068?
False
Does 2687 divide 984043888?
True
Is 7 a factor of 106664495?
True
Does 630 divide 61861590?
True
Is 21169445 a multiple of 6?
False
Is 767985635 a multiple of 204?
False
Is 1982 a factor of 984899038?
False
Is 99 a factor of 137066094?
True
Is 2049 a factor of 878253776?
False
Is 514 a factor of 10227572?
True
Is 202503255 a multiple of 3910?
False
Is 1299 a factor of 640644717?
True
Does 292 divide 654596840?
True
Is 20 a factor of 461250087?
False
Is 177 a factor of 389551689?
True
Is 26420640 a multiple of 5?
True
Is 90 a factor of 14083560?
True
Does 30 divide 45041790?
True
Is 160 a factor of 259034880?
True
Does 5 divide 7207959?
False
Does 15 divide 35668155?
True
Is 60 a factor of 309269578?
False
Does 217 divide 141906933?
True
Does 41 divide 18035525?
False
Is 4084 a factor of 490719030?
False
Is 29 a factor of 37640183?
False
Is 54 a factor of 37015974?
True
Is 22 a factor of 886997254?
True
Is 7346288 a multiple of 752?
True
Is 268553857 a multiple of 976?
False
Does 95 divide 15783190?
False
Is 21330164 a multiple of 80?
False
Does 338 divide 59778004?
True
Does 736 divide 698568512?
True
Is 598 a factor of 7555730?
True
Does 265 divide 82763740?
True
Does 15 divide 180838376?
False
Is 1578723703 a multiple of 4039?
False
Is 13 a factor of 32060171?
True
Does 17 divide 25515925?
False
Is 16 a factor of 12975568?
True
Is 22 a factor of 56792120?
True
Does 8 divide 1033049458?
False
Is 30 a factor of 364465?
False
Is 78253299 a multiple of 119?
False
Is 738994644 a multiple of 214?
True
Is 161 a factor of 2360263259?
False
Is 79452758 a multiple of 2266?
True
Does 25 divide 101501618?
False
Is 6020074 a multiple of 33?
False
Is 3052 a factor of 143804136?
True
Is 1548443112 a multiple of 24?
True
Is 1559 a factor of 830017836?
True
Is 3782835 a multiple of 7?
True
Is 6072 a factor of 1696207128?
True
Is 27 a factor of 506193512?
False
Does 4 divide 18441696?
True
Is 570292680 a multiple of 8?
True
Is 84 a factor of 633996888?
True
Is 263 a factor of 45124659?
False
Is 19 a factor of 21115973?
True
Is 1119 a factor of 17053919?
False
Does 105 divide 1300481539?
False
Is 5733594 a multiple of 4?
False
Does 137 divide 4041256551?
True
Does 20 divide 1050397416?
False
Is 145794330 a multiple of 990?
True
Does 960 divide 39534806?
False
Is 1297728 a multiple of 72?
True
Is 1539 a factor of 16194602?
False
Is 6046428 a multiple of 687?
False
Is 54 a factor of 235241611?
False
Does 42 divide 5665758?
True
Is 189865475 a multiple of 733?
False
Does 843 divide 13196322?
True
Is 7 a factor of 655841354?
True
Is 75 a factor of 64272895?
False
Does 16 divide 140909372?
False
Is 496 a factor of 33896599?
False
Does 4 divide 122165506?
False
Does 2817 divide 17129463?
False
Is 2 a factor of 9440887?
False
Does 203 divide 32776095?
False
Is 39 a factor of 5131035?
True
Is 354 a factor of 180529734?
True
Is 1270906414 a multiple of 2168?
False
Is 68681039 a multiple of 401?
False
Does 17 divide 51909098?
False
Is 29 a factor of 43875666?
True
Is 118750741 a multiple of 18?
False
Is 16 a factor of 14035024?
True
Is 6701893240 a multiple of 28?
True
Does 60 divide 74373600?
True
Does 672 divide 49080140?
False
Is 6 a factor of 132478415?
False
Is 276187925 a multiple of 13?
True
Is 278 a factor of 43473640?
True
Is 54204520 a multiple of 20?
True
Does 3 divide 54708730?
False
Does 7460 divide 527451840?
True
Is 131 a factor of 1477170148?
True
Does 3662 divide 83801208?
True
Is 3114 a factor of 583174350?
True
Is 216085408 even?
True
Is 324988758 a multiple of 18?
True
Is 193450990 a multiple of 5?
True
Is 10 a factor of 1281575132?
False
Is 32 a factor of 29404932?
False
Does 16 divide 14109022?
False
Does 77 divide 707837258?
False
Is 460319256 a multiple of 39?
False
Does 1172 divide 81607510?
False
Is 7571581 a multiple of 408?
False
Is 14 a factor of 59302628?
True
Does 6221 divide 863555673?
True
Does 2447 divide 131993227?
False
Is 6715914400 a multiple of 124?
True
Is 13 a factor of 57271968?
True
Is 1914827444 a multiple of 4809?
False
Is 411 a factor of 64439046?
True
Does 46 divide 220911632?
False
Does 638 divide 38315733?
False
Is 25661365 a multiple of 89?
False
Is 84 a factor of 254028178?
False
Does 81 divide 17291313?
True
Does 13 divide 79198671?
False
Is 165707468 a multiple of 865?
False
Is 13 a factor of 331029218?
True
Is 66 a factor of 55970355?
False
Is 50319748 a multiple of 2476?
True
Is 303 a factor of 1018790805?
False
Is 1031 a factor of 6275095?
False
Does 12 divide 15178063?
False
Does 343 divide 299053879?
False
Is 292711107 a multiple of 6?
False
Does 13883 divide 413310793?
True
Is 17 a factor of 52826956?
True
Does 26 divide 23513776?
True
Does 190 divide 179683104?
False
Is 2673 a factor of 22291782?
False
Does 324 divide 12260130?
False
Is 33594900 a multiple of 100?
True
Does 38 divide 3818585154?
True
Is 706316154 a multiple of 6?
True
Does 380 divide 8458903?
False
Is 686 a factor of 15242920?
True
Does 395 divide 103187715?
False
Does 226 divide 30681534?
True
Does 298 divide 245763282?
True
Does 5 divide 44592520?
True
Does 531 divide 1492167541?
False
Does 1080 divide 428498640?
True
Does 30 divide 74828550?
True
Is 17 a factor of 4142187802?
True
Is 23603646 a multiple of 2838?
True
Is 521 a factor of 13897154?
True
Does 25 divide 245535000?
True
Is 20391652 a multiple of 802?
True
Is 211890880 a multiple of 307?
False
Is 37 a factor of 2188452764?
True
Is 77 a factor of 23877638?
False
Is 144215322 a multiple of 25?
False
Does 5830 divide 130557020?
True
Is 434 a factor of 1608763786?
True
Is 6 a factor of 151071600?
True
Does 666 divide 11399922?
True
Does 240 divide 2993095805?
False
Is 445 a factor of 5899810?
True
Is 1775073250 a multiple of 250?
True
Does 543 divide 2381986788?
True
Is 66497809 a multiple of 47?
True
Does 3 divide 85552066?
False
Is 17050599 a multiple of 349?
False
Is 128 a factor of 137108745?
False
Is 44523764 a multiple of 19?
True
Is 3305 a factor of 853995475?
True
Is 667017008 a multiple of 784?
True
Does 18 divide 1104427908?
True
Is 56 a factor of 2156482?
False
Is 65118138 a multiple of 8?
False
Does 11 divide 3641125475?
False
Does 101 divide 544055502?
False
Is 6598205406 a multiple of 1434?
True
Is 1476 a factor of 63070672?
False
Is 172 a factor of 193322858?
False
Does 8 divide 156374584?
True
Does 47 divide 14567154?
False
Is 30229774 a multiple of 29?
True
Is 91 a factor of 7325500?
True
Is 48111774 a multiple of 235?
False
Is 145292294 a multiple of 89?
False
Is 8 a factor of 681095931?
False
Does 43 divide 4407494?
False
Is 100 a factor of 6093994?
False
Is 275761665 a mu